is the thousands digit of t?
8
Let a = -48449 - -83567. What is the tens digit of a?
1
Let g(p) = 14*p**3 + 7*p**2 + 3. Let d be g(3). Suppose -3*l + 5*r + 1294 = 0, 5*r + d + 417 = 2*l. What is the hundreds digit of l?
4
Let h = 36 - 29. Let a be (h/((-84)/1376))/(3/9). What is the hundreds digit of a/5*(-5)/2?
1
Let z = 31 - 269. Let j = 422 + z. What is the units digit of j?
4
Let z be (28/12)/7*0. Suppose -4*f + 11*r - 6*r + 2136 = z, 1579 = 3*f + 2*r. What is the hundreds digit of f?
5
Suppose -5*a = 2*f - 909, 2*f - 2282 = -3*f - 3*a. Let j = f + -62. What is the units digit of j?
5
Let m(l) = 3*l**3 + 30*l**2 + 17*l + 3. Let n(j) = 2*j**3 + 14*j**2 + 9*j + 1. Let r(i) = 3*m(i) - 5*n(i). What is the hundreds digit of r(20)?
1
Let f be 38/4 - (-10)/20. Suppose -850 = -5*w - i, 3*w - 510 = f*i - 12*i. What is the tens digit of w?
7
What is the thousands digit of (31 + (-190930)/(-20))/((-6)/(-28))?
4
Suppose -28*w + 332109 + 128336 + 156339 = 0. What is the thousands digit of w?
2
Suppose 518 + 487 = -5*t + 3*l, 2*t + 3*l + 402 = 0. Let n(x) = -68*x + 3. Let s be n(2). Let f = s - t. What is the tens digit of f?
6
Let c be (87/(-6))/(-2*5/(-20)). Let q = c - 61. Let x = -55 - q. What is the units digit of x?
5
Let q = -126 - -87. Let m be (9/(-4))/(q/(-104)). Let g = m - -106. What is the units digit of g?
0
Suppose 7*w - 5138 - 55769 = 0. What is the thousands digit of w?
8
Suppose v - 2*x = 448, 0 = 2*v + v + x - 1372. Suppose -5*u - v = -7*u. What is the hundreds digit of u?
2
Let g = -524 - -557. Suppose 4*u - 6052 = 3*n, 3*n + 1504 = 34*u - g*u. What is the tens digit of u?
1
Suppose -102*d + 613170 = -12*d. What is the hundreds digit of d?
8
Suppose 30622 + 1501 = 7*b. What is the tens digit of b?
8
Let s be 54/30 - (-1)/5. Let i(u) = -u**2 + 2*u + 3. Let f be i(s). Suppose 5*z = -f*v + 279, -z - 395 = -4*v - 0*z. What is the units digit of v?
8
Suppose 16*g + 207455 = 33*g - 12*g. What is the tens digit of g?
9
Suppose 94*g - 1090473 = -246259. What is the hundreds digit of g?
9
Let v = 1829 - -10324. What is the tens digit of v?
5
Let n = 55 - 51. Suppose -4*l + 159 = n*k - 3*k, 5*l = 2*k - 331. Let r = k - 91. What is the tens digit of r?
7
Suppose -4*f + 39 = -25. Let b = -13 + f. Suppose -b*o = -4*d + 75 + 252, -2*o + 6 = 0. What is the tens digit of d?
8
Let u(h) = 103*h + 29. Let v be u(4). Suppose -7*b = -0*b - v. What is the units digit of b?
3
Let d(j) be the first derivative of 8*j**3/3 + 13*j**2/2 + 2*j + 94. What is the units digit of d(-7)?
3
What is the hundreds digit of (3 + 98)/(7/5*(-3)/(-21))?
5
Let a(n) = 745*n + 5105. What is the hundreds digit of a(78)?
2
Let n(q) = 501*q**2 + 5*q**3 + 9*q - 3*q**3 + 27 - 512*q**2. What is the tens digit of n(7)?
3
Let y be 5846/6 - 3*10/(-45). Let s = y - 144. What is the tens digit of s?
3
Let f(j) = 3*j**3 - 102*j**2 + 75*j - 77. What is the tens digit of f(37)?
1
Suppose -40284 = -3*m + 4*s, 0 = m - 11*s + 16*s - 13466. What is the tens digit of m?
3
Let x(q) be the first derivative of -q**3/3 - q**2 - 2*q + 12. Let d be x(-2). What is the tens digit of (-24 + d)*-9 - 3?
3
Suppose -4*r + 2*r = 2*c - 28, -5*c = 3*r - 80. Let b = c - -352. What is the tens digit of b?
7
Let g(f) = 5*f**3 + 7*f**2 - 9*f - 13. Let n(u) = -6*u**3 - 7*u**2 + 10*u + 13. Let x(o) = -7*g(o) - 6*n(o). What is the hundreds digit of x(8)?
1
Let y(i) = i**3 + 12*i**2 + 16*i + 61. Let s be y(-6). Suppose -1004 = -185*h + s*h. What is the units digit of h?
1
Let k = -46183 - -95930. What is the ten thousands digit of k?
4
Suppose f = -2*b + 7414, -5*b - f = 1634 - 20166. What is the hundreds digit of b?
7
Let m(r) = 1600*r**2 - 293*r + 26. What is the tens digit of m(5)?
6
Suppose 5 = -4*c - 5*j, c + 4*j + 6 = 2. Suppose c = -8*l + 1016 + 480. What is the units digit of (l - (-9)/(-3)) + 0?
4
Let c = 2261 + -663. What is the tens digit of c?
9
Suppose -16*k + 42*k - 138005 - 15395 = 0. What is the thousands digit of k?
5
Suppose s = h - 44003, -94*h + 93*h + 2*s = -44012. What is the tens digit of h?
9
What is the hundreds digit of 6054/7*2240/48?
3
What is the thousands digit of (-2)/(-4)*(-6951380)/(-274)?
2
What is the thousands digit of (-26 + (-218408)/(-115))/(-1*(-3)/75)?
6
Suppose 5*t - 1823 = -3*w, -w + t - 3031 = -6*w. Let b = -352 + w. Let f = -126 + b. What is the hundreds digit of f?
1
Let y(q) = q**2 - 10*q + 5. Let h be y(9). Let v be 13*(-2 - (h + 1)). Let o(l) = 8*l - 27. What is the units digit of o(v)?
7
Let o(g) = -419*g**3 + 4*g**2 - 14*g - 153. What is the units digit of o(-5)?
2
Let b(o) = 3*o**2 + 14*o - 1. Let h be b(-5). Suppose h*l = 16, -2*x + 2*l = 6*l + 156. Let t = x + 210. What is the hundreds digit of t?
1
What is the hundreds digit of (-26163)/(-38) + 45/(-18)?
6
Let k(q) = 2*q**2 + 2*q**3 - 620 - 17*q + q**3 + 693 - 22*q**2. What is the tens digit of k(9)?
8
Suppose 2424*x - 2421*x = 91104. What is the tens digit of x?
6
Let r = -22308 - -28823. What is the hundreds digit of r?
5
Let v(m) = 2*m**2 - 10*m + 4843. What is the units digit of v(0)?
3
Let a = 22 + -2. Suppose -i = -5*i + a. Suppose -3*t + 3*r + 441 = 0, 4*t - 459 = -i*r + 102. What is the hundreds digit of t?
1
Let b be -9 - (-2 - -3)*1. Let i be ((-656)/b)/((-24)/(-60)). Let s = 230 - i. What is the units digit of s?
6
Let v(w) = 76*w + 18. Let h be v(1). What is the tens digit of (212/(-5))/(h/(-235))?
0
Let f be ((-32612)/(-7))/(-4) - 8/28. Let p = -464 - f. Suppose -p + 69 = -8*y. What is the tens digit of y?
7
Suppose -7*s = -2*s - 225. Suppose 0 = 3*z + 6, 0*h = 5*h - 5*z - s. Suppose 0 = -5*r - h*r + 1872. What is the hundreds digit of r?
1
Suppose 0 = -3*y - 4*l - 2924, -5*y - 3898 = -y + 5*l. Let n = y - -1373. What is the tens digit of n?
0
Suppose -3*v + 587 = -4*s, -9*v + 771 = -5*v - 3*s. Suppose y = v + 242. What is the units digit of y?
1
Let c(q) = q**3 + 26*q**2 + 53*q + 125. Let r be c(-24). Suppose 3*k - 5*o - 2983 - 920 = 0, 0 = 5*k - r*o - 6515. What is the units digit of k?
6
Suppose 15*t - 4140 = -5*t. Let r = 574 - t. What is the units digit of r?
7
Let v(q) = 2*q**2 - 77*q - 1355. What is the units digit of v(86)?
5
Let c(q) = -3674*q - 2919. What is the hundreds digit of c(-11)?
4
Let o = -76 + 76. Let x(a) = 17*a + 32. Let g be x(10). Suppose -b - 3 = o, 3*b - g - 709 = -4*l. What is the tens digit of l?
3
What is the units digit of 37 - 47 - 8*-362?
6
Let n = -275 + 279. Suppose 0 = -n*v - 4*p + 3428, p = -3*v + 6*v - 2555. What is the units digit of v?
3
Let z be (9*(-2)/(-5))/(2/80). Suppose -5*f = -8*f + z. What is the tens digit of f?
4
Suppose -2*x + 6*y = 11*y - 12969, -2*y + 19459 = 3*x. What is the units digit of x?
7
Let g(m) = -4*m + 42. Let u be g(13). Let q(d) = d**3 + 14*d**2 + 11*d - 27. What is the tens digit of q(u)?
6
Suppose 0 = z - 5. Suppose z*x = -5*u + 55, 4*x + 3*u - u - 44 = 0. Suppose -x*n + 6*n + 275 = 0. What is the tens digit of n?
5
Let p(z) = 92283*z - 92288*z - 3*z**2 + 8 - z**2 + 11*z**2 - z**3. Let q be (-2)/(8/5 - 2). What is the tens digit of p(q)?
3
Let b = 1325 - -2906. What is the thousands digit of b?
4
Let s(u) = u**2 - 2*u - 2. Let j(d) = -d**2 + 7*d - 2. Let x be j(6). Suppose x*q - 11 = -2*t - q, -5*t + 17 = 2*q. What is the units digit of s(t)?
1
Let k(x) = x - 23. Let a be k(23). What is the units digit of (-1 + a - 0)*-323?
3
Let n(j) be the second derivative of j**3/3 + 3*j**2/2 - 27*j - 22. Let v = -5 - -8. What is the units digit of n(v)?
9
Let q(c) = 102*c - 37. Let t(r) = -103*r + 38. Let m(u) = -7*q(u) - 6*t(u). What is the units digit of m(-4)?
5
Suppose -13*d = -16*d + 8378 + 2464. What is the hundreds digit of d?
6
What is the thousands digit of (-6 - (-37025)/(-10))*-2?
7
Let i = -389 - -391. Suppose -3*d + i*j + 1167 + 1645 = 0, 0 = -2*d + 4*j + 1872. What is the units digit of d?
8
Suppose -2*w = -3*v + 4915, -5*v - 3*w = 3423 - 11621. What is the thousands digit of v?
1
Suppose -3*f = 6*i - 75390, 2*f - 6504 = -i + 43777. What is the units digit of f?
4
Let v = 98 + -49. Let x = -510 + v. Let t = -223 - x. What is the tens digit of t?
3
What is the tens digit of (1152 - (-3 - -2))/(4/12)?
5
Suppose 2*o - 2*t = 3*o - 359, 2*o = t + 743. Let q = o + 233. Suppose -4*m = -z - 357, 4*m - q = 5*z - 225. What is the units digi